2
Suppose 4*u - 7 = 9. Suppose 3*x - 9 = u*q, -x - 3 = -2*x + 5*q. Suppose -x*v + 220 = -v. Calculate the greatest common factor of v and 10.
10
Let t be (-4194)/(-36) + (-7)/(-2). Calculate the greatest common factor of t and 105.
15
Let m be (-3)/(3*3/(-12)). Suppose -m*n + 7*n = -48. Let s = -7 - n. What is the greatest common divisor of s and 63?
9
Let y(z) = -z**3 - 5*z**2 - 2*z - 1. Let u be y(-5). Suppose 1 = -2*c + u. Suppose -82 = -c*b + 750. Calculate the greatest common divisor of 26 and b.
26
Let p = -90 + 102. What is the greatest common factor of 72 and p?
12
Suppose 4*q = -0*q - r + 32, 0 = 3*q - 5*r - 24. Let h(z) = -z + 109. Let m be h(21). Calculate the greatest common factor of m and q.
8
Suppose 15 = 8*c - 5*c. Suppose 0 = c*r - 41 - 4. Let j(n) = 4*n**2 - 3*n - 4. Let d be j(5). Calculate the greatest common factor of r and d.
9
Suppose -t + 147 = -4*t. Let b = t + 29. Let p be 1494/15 - (-12)/b. Calculate the highest common factor of 9 and p.
9
Let p(t) = -t**2 + 3*t + 4. Let r be p(3). Suppose -a = -r*a + 120. Let f(s) = s**2 + 12*s - 443. Let j be f(16). What is the greatest common factor of j and a?
5
Suppose 17*c = 48*c - 1085. What is the highest common divisor of c and 20?
5
Let v(t) be the first derivative of 13*t**3 + t**2/2 + 8. Let y be v(-2). Suppose 2*r = r + y. What is the greatest common divisor of r and 14?
14
Let x be 2/(-8) - 10/((-320)/6664). What is the highest common factor of 52 and x?
52
Suppose 0 = 4*g - 8, 5*u - 2*g - 3*g = 110. Suppose -33 = 4*m - 7*m. Let o be (m/22)/(2/64). What is the greatest common divisor of o and u?
8
Suppose -5*h = -5*x - 1500, 2*x - 14 + 6 = 0. What is the highest common divisor of h and 32?
16
Suppose -3*g - 4*v = -43, 10 = 5*v - 7*v. Let p be -7*(0/2 + -1). Calculate the greatest common factor of g and p.
7
Let l be 3/(3/(-4)) + (157 - -15). What is the highest common divisor of 21 and l?
21
Let p(o) = -79*o - 331. Let t be p(-5). What is the greatest common divisor of t and 44?
4
Let u = -861 - -930. What is the highest common divisor of u and 2553?
69
Let i be -7*(-1)/2*6. Suppose 4*m = 2*m + 28. Calculate the greatest common divisor of m and i.
7
Suppose 6*x - 72 = -2*x. Suppose 5*k + 36 = 6*k. Calculate the highest common factor of x and k.
9
Let x be (0 - -2)/(2/253). Calculate the highest common factor of x and 22.
11
Suppose 2*r + 18 = -2*a, 0*a = -5*a + 2*r - 10. Let j = 11 - a. Suppose 0 = 117*p - 100*p - 255. What is the greatest common factor of p and j?
15
Suppose -66*g + 399 = -789. Calculate the highest common factor of 54 and g.
18
Let v = -116 - -188. Let w = v - 60. What is the highest common divisor of 12 and w?
12
Suppose 34*h - 4472 = -9*h. Calculate the highest common divisor of 78 and h.
26
Let g(a) = 5*a + 7*a**2 + 3*a - 2 - a**3 + a. Let m(b) = -b**3 + 8*b**2 + b. Let t be m(8). Let s be g(t). What is the highest common factor of 6 and s?
6
Suppose 28*y - 494 - 290 = 0. Calculate the greatest common divisor of y and 532.
28
Let t(h) = h - 10. Let d be t(12). Suppose -108 = -4*v - d*v. Let q be 38/4 + 2/(-4). Calculate the highest common factor of q and v.
9
Let a(z) = -9*z - 24. Let f be a(-5). Suppose f = 23*i - 20*i. Calculate the highest common divisor of 21 and i.
7
Suppose 3*f = 13 - 1. Let u be 152/12 - f/6. Suppose 175*v - 174*v - 84 = 0. What is the highest common divisor of v and u?
12
Suppose 133*l + u = 137*l - 4612, -2*l + 3*u + 2316 = 0. Calculate the greatest common factor of 3 and l.
3
Suppose 19 = 4*m - 1. Suppose 5*i + 3*a - 111 = 0, -2*a - 2*a - 108 = -4*i. Suppose 36 = 3*o - i. Calculate the greatest common divisor of o and m.
5
Let c = 98 + -51. What is the greatest common factor of 47 and c?
47
Let l = 61 - 53. Suppose l*o = 5*o + 135. Calculate the highest common factor of 5 and o.
5
Suppose -18 = -5*j + 77. Let k = j + -2. What is the highest common divisor of k and 17?
17
Suppose -6 = 2*c + 6*o - 2*o, -12 = 3*o. Suppose -2*k = 0, q - 6*k + 2*k - c = 0. Let t = 95 - 40. What is the highest common divisor of t and q?
5
Suppose -6 = k + 2*p, -31 - 12 = 3*k + p. Suppose -8 = 4*h + 20. Let d = h - k. What is the highest common factor of 27 and d?
9
Suppose -7*h + 11*h = 900. Let f = 93 + -68. What is the greatest common factor of f and h?
25
Let u be ((-6)/(-16)*38)/(72/2112). What is the highest common factor of 38 and u?
38
Let r(u) = 2*u**2 + 4*u - 6. Let l be r(4). Let j(h) = 9*h + 50. Let g be j(-4). Calculate the highest common factor of g and l.
14
Let r = -1 + 5. Suppose -3*b + 14 = r*b. Let z be 2 - b - (-24 + -3). Calculate the greatest common divisor of 3 and z.
3
Let l(b) = 19*b**3 + 4*b**2 - 6*b + 3. Let u be l(1). Suppose 4*q + 4*r - 36 = 0, 3*q - 37 = -0*r - 5*r. Calculate the highest common factor of u and q.
4
Suppose 8*y - 9 + 81 = 0. Let a be (132/(-9))/(6/y). Calculate the greatest common factor of 154 and a.
22
Suppose -5*z = -5*t + 4470, 3*t - 122 = -3*z + 2536. Calculate the highest common divisor of 267 and t.
89
Let n = 604 + -589. Calculate the highest common factor of n and 265.
5
Let g(o) = 80*o + 77. Let p be g(7). Calculate the highest common factor of 13 and p.
13
Suppose 4*w = 2*u - 206, 8*u = 9*u + 4*w - 91. What is the greatest common factor of 9 and u?
9
Let y be 20 - 2/4*4. Let p = -21 + y. Let d be p + (14*11 - -3). Calculate the highest common divisor of d and 22.
22
Let v = 302 - 287. What is the greatest common factor of 20 and v?
5
Let n = 39 - 68. Let j = n - -99. Suppose 57 + 3 = 6*i. Calculate the greatest common divisor of i and j.
10
Suppose -3*b + 200 = 4*l, -7 = -3*l + 8. Let d = -1 + 9. Let o = d + 4. Calculate the highest common divisor of b and o.
12
Let a = 38 + -8. Let r = 18 + -14. Suppose -3*u - 2*u = h - 35, -r*h + 5*u = -190. Calculate the greatest common divisor of h and a.
15
Let u(c) be the second derivative of -c**3/3 + 28*c**2 + 17*c. Let f be u(0). What is the greatest common divisor of 42 and f?
14
Suppose -q = 2, 1 = -4*f - 4*q + 121. What is the highest common divisor of f and 88?
8
Suppose -235 - 125 = -5*f. What is the highest common factor of 36 and f?
36
Let g be (-1)/(4 + (-77)/19). Suppose t - n = -0*n + g, 35 = 2*t + n. What is the greatest common factor of 6 and t?
6
Suppose 12*s = 1273 + 1175. What is the greatest common factor of 72 and s?
12
Let z = 543 + -298. Calculate the highest common factor of 70 and z.
35
Suppose -h + 1518 = 5*n, -h - 1879 = -4*n - 661. Suppose 12*l = 10*l + 2*a + 84, 5*a + 20 = 0. What is the highest common factor of n and l?
38
Let a = -7 + 14. Suppose 2*v - 616 = 3*t - 5*t, -v + 298 = 3*t. Suppose 5*d + 68 - v = 0. Calculate the greatest common factor of d and a.
7
Let v = 15 + -13. Suppose -v*h = -0*h - 36. What is the greatest common factor of h and 18?
18
Suppose 4*u - 4*n = 184, u + 6*n = 10*n + 34. Suppose -103*l + u = -102*l. What is the greatest common factor of 40 and l?
10
Let u(c) = -3*c**2 - 4 - 8*c + 1 + 13*c. Let b be u(3). Let a = b - -70. What is the greatest common divisor of 22 and a?
11
Suppose 0 = 2*s + 6, 4*p - p = -5*s - 12. Let h = p - 33. Let u be (-673)/(-4) - (-8)/h. What is the highest common divisor of u and 21?
21
Let i = -5 - -11. Suppose -3*v = -5*v + i. Suppose 2*m + 5*s - 700 = -v*m, 3*s - 708 = -5*m. What is the highest common factor of m and 16?
16
Suppose -13 = 4*n + 5*o - 64, -3*n = -5*o - 47. Calculate the greatest common factor of 12 and n.
2
Let k = 1281 - 929. What is the greatest common divisor of k and 220?
44
Suppose 49 = 17*d - 393. What is the greatest common factor of 104 and d?
26
Let z = 425 - 380. Calculate the highest common factor of 63 and z.
9
Let b = 1815 - 1803. Calculate the greatest common factor of 300 and b.
12
Let q = -11 + 13. Let o(m) = 6*m**2 - 3 - 4*m**2 - 2*m**q + 4*m**2. Let j be o(-3). Calculate the highest common divisor of j and 132.
33
Suppose -357 = -44*l + 39. What is the greatest common factor of 171 and l?
9
Suppose 0 = 3*d - 18 + 153. Let h be 9/(54/(-4))*d. Calculate the greatest common factor of 75 and h.
15
Suppose 8 = 3*z - z. Suppose 0 = -z*m + 3*w + 24, 5*w = 2*m - 0*w - 12. Suppose -3*l = -1 - 5. Calculate the greatest common divisor of l and m.
2
Let k = 13 + -10. Let f be (k/(-12))/(3/(-60)). What is the greatest common divisor of f and 5